83?
False
Does 2 divide 100?
True
Is 7082 a multiple of 14?
False
Does 9 divide 12619?
False
Does 41 divide 18737?
True
Is 7479 a multiple of 177?
False
Is 2 a factor of 3953?
False
Is 2640 a multiple of 48?
True
Is 80 a multiple of 8?
True
Does 7 divide 5917?
False
Does 19 divide 7581?
True
Is 4002 a multiple of 58?
True
Is 92 a multiple of 4?
True
Is 75 a factor of 115800?
True
Is 1071 a multiple of 35?
False
Is 11 a factor of 1237?
False
Is 4 a factor of 180?
True
Is 4875 a multiple of 65?
True
Does 34 divide 6479?
False
Is 990 a multiple of 9?
True
Is 5656 a multiple of 14?
True
Is 27 a factor of 25542?
True
Does 10 divide 2171?
False
Is 6623 a multiple of 134?
False
Is 6 a factor of 36?
True
Is 2 a factor of 33?
False
Is 4788 a multiple of 38?
True
Is 228 a multiple of 19?
True
Is 25 a factor of 8287?
False
Is 11 a factor of 1081?
False
Does 64 divide 113972?
False
Does 3 divide 519?
True
Is 53961 a multiple of 19?
False
Is 6512 a multiple of 29?
False
Is 18 a factor of 882?
True
Is 92 a multiple of 29?
False
Does 25 divide 1037?
False
Does 68 divide 24004?
True
Is 10 a factor of 375?
False
Does 18 divide 19984?
False
Does 13 divide 1065?
False
Does 47 divide 611?
True
Is 150 even?
True
Is 11 a factor of 3186?
False
Does 67 divide 37853?
False
Is 1432 a multiple of 179?
True
Does 8 divide 238?
False
Does 19 divide 1235?
True
Is 23256 a multiple of 24?
True
Is 2556 a multiple of 9?
True
Is 285 a multiple of 15?
True
Is 110 a multiple of 3?
False
Does 84 divide 3360?
True
Does 15 divide 510?
True
Is 14700 a multiple of 147?
True
Is 8 a factor of 64?
True
Does 9 divide 1079?
False
Is 16 a factor of 696?
False
Is 14 a factor of 448?
True
Is 263 a multiple of 16?
False
Is 3580 a multiple of 78?
False
Is 9 a factor of 5553?
True
Is 61 a factor of 4941?
True
Is 7 a factor of 2254?
True
Is 116224 a multiple of 32?
True
Is 15 a factor of 1275?
True
Is 35 a factor of 2310?
True
Is 48560 a multiple of 80?
True
Does 26 divide 26242?
False
Is 935 a multiple of 11?
True
Is 77 a factor of 7623?
True
Does 34 divide 810?
False
Is 4654 a multiple of 44?
False
Is 5900 a multiple of 10?
True
Is 26066 a multiple of 8?
False
Does 38 divide 5896?
False
Does 3 divide 1489?
False
Is 290 a multiple of 69?
False
Is 75 a factor of 600?
True
Does 3 divide 171?
True
Is 6 a factor of 105?
False
Does 98 divide 14849?
False
Is 7 a factor of 41408?
False
Is 14 a factor of 1022?
True
Is 22892 a multiple of 97?
True
Is 8920 a multiple of 8?
True
Is 522 a multiple of 17?
False
Does 41 divide 5535?
True
Does 43 divide 6451?
False
Is 14091 a multiple of 146?
False
Is 1115 a multiple of 47?
False
Does 13 divide 1711?
False
Is 2 a factor of 6299?
False
Is 928 a multiple of 41?
False
Does 30 divide 180?
True
Is 8143 a multiple of 17?
True
Does 9 divide 6517?
False
Is 12 a factor of 2844?
True
Is 121 a factor of 13095?
False
Does 61 divide 1769?
True
Does 14 divide 2831?
False
Is 3 a factor of 3470?
False
Does 3 divide 712?
False
Is 3 a factor of 10614?
True
Does 33 divide 1716?
True
Is 490 a multiple of 7?
True
Does 32 divide 5118?
False
Is 4984 a multiple of 89?
True
Is 4 a factor of 1649?
False
Does 137 divide 5480?
True
Does 21 divide 4641?
True
Does 14 divide 37682?
False
Is 46034 a multiple of 48?
False
Is 10 a factor of 520?
True
Is 5 a factor of 737?
False
Is 14 a factor of 11278?
False
Is 5934 a multiple of 6?
True
Does 3 divide 66?
True
Is 23699 a multiple of 329?
False
Is 14 a factor of 2587?
False
Is 7 a factor of 7074?
False
Is 54 a factor of 47250?
True
Is 147 a multiple of 7?
True
Does 162 divide 81890?
False
Is 25 a factor of 50811?
False
Is 22188 a multiple of 4?
True
Is 62 a factor of 1178?
True
Is 10 a factor of 29712?
False
Does 111 divide 5139?
False
Is 8 a factor of 744?
True
Is 8 a factor of 576?
True
Is 1855 a multiple of 5?
True
Is 5009 a multiple of 3?
False
Does 56 divide 4198?
False
Is 429 a multiple of 13?
True
Is 24 a multiple of 2?
True
Is 2 a factor of 4271?
False
Is 15 a factor of 945?
True
Is 23 a factor of 5543?
True
Is 3322 a multiple of 15?
False
Does 65 divide 845?
True
Is 83 a factor of 1494?
True
Is 11442 a multiple of 40?
False
Does 41 divide 1640?
True
Does 20 divide 1093?
False
Is 120 a factor of 13320?
True
Is 2442 a multiple of 66?
True
Is 9 a factor of 1737?
True
Is 4325 a multiple of 7?
False
Does 14 divide 11298?
True
Is 81 a factor of 2673?
True
Is 11 a factor of 9299?
False
Is 9 a factor of 4348?
False
Is 32 a factor of 251?
False
Is 54860 a multiple of 20?
True
Is 9 a factor of 1239?
False
Does 27 divide 355?
False
Is 24 a factor of 17493?
False
Is 10 a factor of 820?
True
Is 27 a multiple of 8?
False
Is 21 a factor of 540?
False
Is 5124 a multiple of 6?
True
Is 16488 a multiple of 179?
False
Does 10 divide 10550?
True
Does 20 divide 16920?
True
Is 36 a factor of 3426?
False
Does 22 divide 990?
True
Is 46823 a multiple of 303?
False
Is 107 a factor of 17441?
True
Does 20 divide 302?
False
Does 7 divide 1314?
False
Does 12 divide 363?
False
Does 87 divide 2687?
False
Is 2900 a multiple of 7?
False
Is 3203 a multiple of 5?
False
Does 19 divide 172596?
True
Is 1045 a multiple of 19?
True
Is 564 a multiple of 7?
False
Is 80 a multiple of 20?
True
Does 8 divide 5676?
False
Does 20 divide 159?
False
Is 112 a multiple of 26?
False
Is 3950 a multiple of 30?
False
Is 38082 a multiple of 33?
True
Is 23 a factor of 345?
True
Does 43 divide 344?
True
Does 66 divide 1320?
True
Is 1160 a multiple of 29?
True
Does 28 divide 2996?
True
Does 8 divide 5728?
True
Is 7 a multiple of 2?
False
Is 94146 a multiple of 13?
True
Is 10523 a multiple of 39?
False
Is 35 a factor of 3142?
False
Is 169 a factor of 8459?
False
Does 64 divide 35502?
False
Does 51 divide 51?
True
Does 73 divide 65552?
False
Is 31 a factor of 33?
False
Is 28 a factor of 1988?
True
Is 287 a multiple of 22?
False
Is 49 a factor of 12103?
True
Does 32 divide 1653?
False
Is 4 a factor of 147?
False
Does 14 divide 7050?
False
Does 8 divide 12287?
False
Does 45 divide 1395?
True
Is 835 a multiple of 27?
False
Is 27 a factor of 189?
True
Is 14 a factor of 99036?
True
Is 33 a factor of 363?
True
Does 323 divide 43848?
False
Is 288 a factor of 54720?
True
Is 19312 a multiple of 44?
False
Is 285 a multiple of 17?
False
Is 26 a factor of 338?
True
Is 399 a multiple of 19?
True
Does 11 divide 20358?
False
Is 32 a factor of 613?
False
Is 56 a factor of 3445?
False
Does 12 divide 804?
True
Does 94 divide 469?
False
Does 2 divide 70?
True
Does 15 divide 180?
True
Does 7 divide 574?
True
Is 180 a multiple of 4?
True
Does 94 divide 1584?
False
Is 17400 a multiple of 10?
True
Does 28 divide 10540?
False
Is 17 a factor of 863?
False
Is 23 a factor of 460?
True
Is 6971 a multiple of 72?
False
Does 12 divide 3732?
True
Is 30 a factor of 120?
True
Is 33 a factor of 537?
False
Does 225 divide 23175?
True
Is 17 a factor of 95710?
True
Does 21 divide 3702?
False
Is 9360 a multiple of 18?
True
Is 103 a multiple of 10?
False
Is 16 a factor of 208?
True
Is 165 a factor of 52536?
False
Does 9 divide 162?
True
Is 10 a factor of 748?
False
Is 3383 a multiple of 41?
False
Is 9 even?
False
Is 3770 a multiple of 13?
True
Is 827 a multiple of 28?
False
Does 27 divide 1059?
False
Does 24 divide 28376?
False
Is 2433 a multiple of 85?
False
Is 6 a factor of 146?
False
Is 216 a multiple of 12?
True
Is 1134 a multiple of 4?
False
Is 3303 a multiple of 11?
False
Does 23 divide 2513?
False
Does 9 divide 711?
True
Does 15 divide 126?
False
Is 16 a factor of 9840?
True
Is 13876 a multiple of 6?
False
Is 1372 a multiple of 49?
True
Does 30 divide 6180?
True
Is 76 a factor of 6536?
True
Does 40 divide 1040?
True
Is 6118 a multiple of 19?
True
Does 12 divide 5541?
False
Is 120498 a multiple of 74?
False
Does 15 divide 842?
False
Is 2378 a multiple of 18?
False
Does 12 divide 33253?
False
Is 1044 a multiple of 36?
True
Does 18 divide 846?
True
Does 35 divide 21222?
False
Is 450 a multiple of 18?
True
Is 18998 a multiple of 46?
True
Does 11 divide 2692?
False
Is 41 a factor of 12383?
False
Is 11 a factor of 439?
False
Is 84 a factor of 34440?
True
Does 12 divide 1973?
False
Is 41222 a multiple of 28?
False
Does 109 divide 160557?
True
Is 25 a factor of 125?
True
Does 12 divide 348?
True
Does 30 divide 38400?
True
Is 17 a fac